k - 3. Let g(r) = m*j(r) + 5*y(r). Determine g(-8).
6
Suppose -6 = 3*y, -3*y - 47 + 53 = -4*t. Let j(g) = -g + 1. Let q(d) be the second derivative of -d**3/6 + 2*d**2 - d. Let l(v) = -2*j(v) + q(v). What is l(t)?
-1
Let k(o) = o**2 - 6*o - 11. Let n(h) = 2*h + 47. Let l be n(9). Suppose -8*w = 1 - l. Calculate k(w).
5
Let n(a) = 4*a**3 - 10*a**2 - 20*a + 18. Let x(p) = 9*p**3 - 19*p**2 - 49*p + 35. Let b(f) = -7*n(f) + 3*x(f). What is b(12)?
39
Let j(g) = -g**2 + 25*g + 20. Suppose 36 = 2740*z - 2739*z - 2*a, -3*a - 42 = -z. Determine j(z).
44
Let l(d) = d**2 - 8*d + 2. Let o(v) be the second derivative of 5*v**3/6 - 22*v**2 + 49*v - 2. Let b be o(10). Determine l(b).
-10
Let o = -47 - -43. Let c(z) be the first derivative of -z**4/4 + z**3/3 + z**2/2 + z + 8. Let d(k) = 7*k**3 - k - 9. Let n(x) = -6*c(x) - d(x). Calculate n(o).
-9
Let l(a) = a**2 + 4*a - 3. Let x(s) = 38*s**2 + 0*s**3 - s**3 - 23*s**2 + 11*s + 0*s**3 - 22*s**2 + 19. Let p be x(-8). Calculate l(p).
2
Suppose -2*k + 3*a = -24, 0 = 8*a - 7*a. Let r(j) = -4 + 13 - 3*j - k. What is r(-7)?
18
Let a(x) be the second derivative of -79*x - 5/3*x**3 + 2 - 3/2*x**2 - 1/12*x**4. Give a(-10).
-3
Let r(w) = -6*w - 67. Let y(t) = 2*t + 5 + 15 + 3 + 0. Let g(q) = -6*r(q) - 17*y(q). What is g(-5)?
1
Suppose 13039 = 21*w - 4*w. Let q(r) = -3*r - 767 + w. Calculate q(-2).
6
Let u(l) be the second derivative of l**3/2 + 63*l**2/2 + 66*l + 13. Give u(-23).
-6
Let b = 7 - 5. Suppose -5*r - 7 = -b. Let v(l) = 9 - 5 - 11*l - 4. Determine v(r).
11
Let b(r) = -3*r**2 + 2*r - 1. Suppose -310 + 367 = 19*x. Suppose x*j = 22 - 19. Determine b(j).
-2
Let p be (134 + -4 + 1)*-1*-1. Let i = -94 + p. Let m(l) = -l**2 + 41 + i - 83 + 5*l. What is m(5)?
-5
Let n be 2/((-6)/24*2). Let h = 0 + 1. Let u(t) = 15*t - 3*t - h - 13*t. Give u(n).
3
Let t be ((-5)/(-3))/(18/54) - -9. Let m(s) = 8*s - 117. Calculate m(t).
-5
Let j(d) = -d**3 + 10*d**2 + 22*d - 4. Let t be j(12). Let z be t/7 - (0 + 1) - 9. Let r(u) = -u**2 - 14*u - 12. Determine r(z).
-12
Let d(m) = -31*m + 315. Let s be d(10). Let x(l) = -l**3 - l + 1. Let f(n) = 2*n**3 + 4*n**2 + 7*n + 2. Let c(j) = f(j) + 3*x(j). Calculate c(s).
0
Let t(i) = -8*i - 111. Let k be t(-13). Let z(g) be the second derivative of -g**3/6 + g**2/2 + 8*g. What is z(k)?
8
Let z(r) = -2*r - 2. Suppose j = i - 3*j + 9, 0 = -5*i + j + 12. Suppose i*m = -5*t - 160, 0 = 3*m - 2 - 13. Let p = t - -37. Determine z(p).
-6
Let p(d) = -5*d + 2. Let u = -131 + 132. Suppose 3*v - u = -2*c - 3, -5 = 5*c - 2*v. Determine p(c).
7
Let z(y) = -3*y**2 + 6*y + 22. Let t(b) = -2*b**2 + 4*b + 20. Let k(a) = -4*t(a) + 3*z(a). Give k(0).
-14
Let l(p) = 3*p**2 - 2*p - 1. Let t be l(2). Suppose 0 = 2*z - t*z + 20. Let j(y) = -75*y + y**2 + 75*y - 5. Calculate j(z).
11
Let l be (178/534)/((-4)/(-180)). Let a(o) = 3*o - 79. Calculate a(l).
-34
Let b(x) = -x**3 + 13*x**2 - 33*x + 122. Let q be b(11). Let i(k) = -6*k**3 - 2*k**2 + 2. What is i(q)?
-6
Suppose 43*a = 1308 + 154. Let c(w) = -4*w + 27 + 6*w**2 - a + 6 - 5*w**2. What is c(6)?
11
Let x(s) = s**3 + s**2 + 18. Let v be (-575)/(-200) + ((-2)/1)/(-16). Suppose 8*m - 10*m = 5*r - 2, -v*r + 2*m = 2. Give x(r).
18
Let h(g) be the first derivative of 5*g**2/2 - 2*g + 2. Suppose 4*c + 3 = 3*c, 4*c = -3*p - 12. Suppose -i - 2 = -4*u, p = 2*i + 2*u + 2*u + 4. Determine h(i).
-12
Suppose 2*p + 123 = 5*p. Let m = p + 29. Let y = m - 71. Let w(z) = 8*z**2 - z. Determine w(y).
9
Let w(b) be the first derivative of 2*b**3 - b**2 + b - 288. Let r(i) = 5*i - 4. Let v be r(1). Give w(v).
5
Let j(d) = -5*d + 126. Let g(f) = -3*f - 1. Let n(i) = -4*g(i) - j(i). Let t be n(7). Let u(x) = -x**2 - 3*x. Calculate u(t).
0
Let v(j) = -j**3 - 7*j**2 + 21*j + 30. Suppose -295 = -150*y - 1645. What is v(y)?
3
Let k(h) = -3*h + 3. Let b be (15/(-6) + 2)/(2/4). Let v be k(b). Let l(o) = 10*o - 57. Let g be l(v). Let a(d) = 6*d + 1. What is a(g)?
19
Let p be ((-9)/4)/(2/8). Let f(d) = 4*d - 3 + 6*d - 11*d. Let u(c) = 4*c + 21. Let z(y) = 3*f(y) + u(y). Calculate z(p).
3
Let n(y) = 15*y - 19. Let i = -5284 + 5286. Determine n(i).
11
Suppose -6*i = -4*i + 4*t + 16, -t = 2*i + 1. Let l(b) = b + i*b**3 + 8*b**3 - 1 - 9*b**3 - 5. Calculate l(0).
-6
Let h(l) be the third derivative of 110*l**2 + 1/20*l**5 - 5/24*l**4 + 5/6*l**3 + 0*l - 1/120*l**6 + 0. Determine h(2).
-1
Let x(v) be the third derivative of v**4/24 + 13*v**3/3 + v**2 + 19. Let k be x(-21). Let w(t) = t - 2. Calculate w(k).
3
Let b be (2/4)/((-1)/(-4)). Suppose b*x + x - 12 = 0. Let y(p) be the first derivative of -p**2/2 + 4*p + 29. Calculate y(x).
0
Let t(p) = 6*p**3 + 15*p**2 - 2*p + 22. Let i(g) = 4*g**3. Let n(o) = 2*i(o) - t(o). Calculate n(7).
-57
Let w(l) be the first derivative of 7*l**4/24 + l**3/2 - 7*l**2/2 + 8*l - 49. Let f(d) be the second derivative of w(d). What is f(-3)?
-18
Let g = -313 + 316. Suppose 3*k - g*r + 12 = 0, -k + 0*k - r - 6 = 0. Let c(f) = -4*f - 7. What is c(k)?
13
Let r(h) = -h**3 - 8*h**2 - 18*h - 79. Suppose 2*k + 4*p = -14, -301*p + 305*p = 0. Determine r(k).
-2
Let v(f) = 30*f - 1. Let x(r) = 9*r**2 - 59*r - 24. Let c be x(7). Suppose 285*h = 289*h - c. Determine v(h).
29
Let w(j) = -j**3 + 3*j**2 - 2*j + 1. Let u(a) = -2*a**2 + a - 3. Let q be 16/(-12)*24/16. Let y(l) = q*u(l) + w(l). Determine y(6).
19
Let w be ((-3)/(3/2))/(1346/(-4711)). Let c(q) = 2*q**2 - 11*q + 23. Give c(w).
44
Let g(j) be the first derivative of 18 + 7*j**3 + 0*j + 0*j**2 + 7/24*j**4 + 1/120*j**5. Let f(s) be the third derivative of g(s). Give f(-7).
0
Let w(q) be the second derivative of -19*q**3/6 - 15*q**2/2 + 5278*q. Calculate w(1).
-34
Let v(u) be the third derivative of u**5/60 - 5*u**4/12 + 5*u**3/6 - 4*u**2. Let b be 14/(0/(-14) + (-2 - -4)). Give v(b).
-16
Let j(y) be the second derivative of -y**3/6 - y**2 + 3*y + 2. Let c(o) = 6*o + 11. Let w(x) = 6*c(x) + 33*j(x). Determine w(-2).
-6
Let f(z) be the second derivative of z**5/20 + 19*z**4/12 + z**3/6 + 21*z**2/2 + 41*z + 1. Calculate f(-19).
2
Let w(o) = -o**3 - 2*o**2 + o - 1. Let x(v) = -v**3 + 6*v**2 - 6*v + 7. Let l be x(2). Suppose l = -6*s - 13. Give w(s).
27
Let l(w) = 2*w**2 + 22*w + 36. Let t(u) = -7*u**2 + 111*u - 92. Let s be t(15). Give l(s).
0
Let y(z) = -z**2 - 15*z + 2. Let f be 44*2*(-17)/136. Calculate y(f).
46
Let q(d) be the second derivative of -d**4/12 + 5*d**3/3 - 17*d**2/2 + 3*d. Let l(p) = -p**3 - 39*p**2 + 167*p - 207. Let s be l(-43). Determine q(s).
-1
Let x(u) = -7*u + 19 + 3 - 3*u**2 - 22. Let z(s) = 2*s**2 + 7*s - 1. Let i(v) = 3*x(v) + 4*z(v). What is i(8)?
-12
Suppose -3*a = 438 - 444. Let s(t) = 16*t - 15. What is s(a)?
17
Let i(g) = g**3 - 7*g**2 + 11*g - 26. Let r be (0 - -1)/(145/870). Calculate i(r).
4
Let o(s) = -41 + 0*s**3 + 2*s + 5*s**2 + 0*s**2 + 36 - s**3. Give o(5).
5
Let q(n) = 91 + 6*n - 4*n - 44 - 31*n**2 + 30*n**2 + 9*n. Calculate q(-3).
5
Let t = 2378 - 2370. Let h(x) be the second derivative of x**4/12 - 3*x**3/2 - x**2/2 + 4*x. Calculate h(t).
-9
Let l(u) be the first derivative of 13*u**2 + 173*u + 6882. Give l(-7).
-9
Suppose -p + 1107 = 5*n + 310, -805 = -5*n - 5*p. Let s = 166 - n. Let g(a) = a. Calculate g(s).
7
Let c(o) = o**3 + 5*o**2 + 3*o + 6. Let k = 626 - 614. Suppose -70 + 130 = -k*w. Calculate c(w).
-9
Let v = -2327 + 2321. Let o(d) = -6*d - 46. Determine o(v).
-10
Let f(g) = 86*g - g**2 + 78*g - 344*g + 48*g + 125*g - 10. Suppose -4*z - 1 + 9 = 0, -z = a + 6. Calculate f(a).
-18
Let a(n) = 3*n**3 + 4*n**2 + 5*n - 6. Let z(t) be the first derivative of 2*t**4 + 11*t**3/3 + 7*t**2 - 18*t - 3. Let j(w) = -11*a(w) + 4*z(w). Calculate j(0).
-6
Let o(s) = -375*s + 10 + 390*s - 1 - 16 + 5. Determine o(-1).
-17
Let t = -286 - -180. Let n = t - -109. Let i(r) = 46 - 3*r**3 + 44 - n*r + 43 + 3*r**2 - 130. Give i(2).
-15
Let n(l) be the first derivative of l**4/4 + 3*l**3 + 9*l**2/2 + 12*l - 15663. Let o = -11 + 3. Determine n(o).
4
Let s(t) = t**3 - 6*t**2 + t - 7. Suppose 0 = x - 2, 0*d - d = -2*x + 7. Let l(b) = -6*b - 13. Let n be l(d). What is s(n)?
-27
Let c(t) be the third derivative of -7*t**4/12 + 149*t**3/3 + 3939*t**2. Determine c(21).
4
Suppose 24*a = 22*a + 12. Suppose -a*g = 3*c - g - 1203, 0 = 3*c + 2*g - 1194. Let v(u) = -c*u**2 + 8 + u - 8*u - u**3 + 388*u**2. Give v(-7)